{"id":108,"date":"2018-05-30T09:51:35","date_gmt":"2018-05-30T07:51:35","guid":{"rendered":"http:\/\/www.epsvfmons.be\/?page_id=108"},"modified":"2019-03-26T15:04:01","modified_gmt":"2019-03-26T14:04:01","slug":"formation-cq6","status":"publish","type":"page","link":"https:\/\/www.epsvfmons.be\/?page_id=108","title":{"rendered":"Formation CQ6"},"content":{"rendered":"<p style=\"text-align: left;\" align=\"CENTER\"><span style=\"color: #000000;\"><span style=\"font-family: Times New Roman, serif;\"><span style=\"font-size: medium;\"><span style=\"font-family: Calibri, serif;\"><span style=\"font-size: x-large;\"><b>FORMATION CQ6<\/b><\/span><\/span><\/span><\/span><\/span><\/p>\n<p style=\"text-align: left;\" align=\"CENTER\"><span style=\"color: #000000;\"><span style=\"font-family: Times New Roman, serif;\"><span style=\"font-size: medium;\"><span style=\"font-family: Calibri, serif;\"><span style=\"font-size: large;\"><i><b>Compl\u00e9ment de formation g\u00e9n\u00e9rale en vue de l\u2019obtention du certificat correspondant au certificat d\u2019\u00e9tudes de 6<\/b><\/i><\/span><\/span><sup><span style=\"font-family: Calibri, serif;\"><span style=\"font-size: large;\"><i><b>\u00e8me<\/b><\/i><\/span><\/span><\/sup><span style=\"font-family: Calibri, serif;\"><span style=\"font-size: large;\"><i><b> ann\u00e9e de l\u2019enseignement secondaire professionnel (secteur du service aux personnes)<\/b><\/i><\/span><\/span><\/span><\/span><\/span><\/p>\n<p align=\"JUSTIFY\"><span style=\"color: #000000;\"><span style=\"font-family: Times New Roman, serif;\"><span style=\"font-size: medium;\"><span style=\"font-family: Calibri, serif;\"><i><u>PROGRAMME DE LA FORMATION<\/u><\/i><\/span><\/span><\/span><\/span><\/p>\n<ol>\n<li><span style=\"color: #000000;\"><span style=\"font-family: Times New Roman, serif;\"><span style=\"font-size: medium;\"><span style=\"font-family: Calibri, serif;\">Communication\u00a0: renforcement en expression orale et \u00e9crite appliqu\u00e9e au secteur du service aux personnes\u00a0: 40 p\u00e9riodes<\/span><\/span><\/span><\/span><\/li>\n<li><span style=\"color: #000000;\"><span style=\"font-family: Times New Roman, serif;\"><span style=\"font-size: medium;\"><span style=\"font-family: Calibri, serif;\">Math\u00e9matiques\u00a0: 48 p\u00e9riodes<\/span><\/span><\/span><\/span><\/li>\n<li><span style=\"color: #000000;\"><span style=\"font-family: Times New Roman, serif;\"><span style=\"font-size: medium;\"><span style=\"font-family: Calibri, serif;\">Sciences\u00a0: 72 p\u00e9riodes (24 p\u00e9riodes de biologie &#8211; 24 p\u00e9riodes de physique &#8211; 24 p\u00e9riodes de chimie)<\/span><\/span><\/span><\/span><\/li>\n<\/ol>\n<p align=\"JUSTIFY\"><span style=\"color: #000000;\"><span style=\"font-family: Times New Roman, serif;\"><span style=\"font-size: medium;\"><span style=\"font-family: Calibri, serif;\"><i><u>DATES D\u2019OUVERTURE ET DUR\u00c9E DE LA FORMATION<\/u><\/i><\/span><\/span><\/span><\/span><\/p>\n<p align=\"JUSTIFY\"><span style=\"color: #000000;\"><span style=\"font-family: Times New Roman, serif;\"><span style=\"font-size: medium;\"><span style=\"font-family: Calibri, serif;\">2 formations par an\u00a0: octobre et mars. Inscription au pr\u00e9alable.<\/span><\/span><\/span><\/span><\/p>\n<p align=\"JUSTIFY\"><span style=\"color: #000000;\"><span style=\"font-family: Times New Roman, serif;\"><span style=\"font-size: medium;\"><span style=\"font-family: Calibri, serif;\">3 mois de cours \u00e0 raison de +\/-2,5 jours par semaine.<\/span><\/span><\/span><\/span><\/p>\n<p align=\"JUSTIFY\"><span style=\"color: #000000;\"><span style=\"font-family: Times New Roman, serif;\"><span style=\"font-size: medium;\"><span style=\"font-family: Calibri, serif;\"><i><u>FRAIS<\/u><\/i><\/span><\/span><\/span><\/span><\/p>\n<p align=\"JUSTIFY\"><span style=\"color: #000000;\"><span style=\"font-family: Times New Roman, serif;\"><span style=\"font-size: medium;\"><span style=\"font-family: Calibri, serif;\">Frais administratifs et copies \u00e0 charge de l\u2019\u00e9tudiant.<\/span><\/span><\/span><\/span><\/p>\n<p align=\"JUSTIFY\"><span style=\"color: #000000;\"><span style=\"font-family: Times New Roman, serif;\"><span style=\"font-size: medium;\"><span style=\"font-family: Calibri, serif;\"><i><u>CONDITIONS D\u2019ADMISSION<\/u><\/i><\/span><\/span><\/span><\/span><\/p>\n<p align=\"JUSTIFY\"><span style=\"color: #000000;\"><span style=\"font-family: Times New Roman, serif;\"><span style=\"font-size: medium;\"><span style=\"font-family: Calibri, serif;\">\u00catre en possession\u00a0:<\/span><\/span><\/span><\/span><\/p>\n<ul>\n<li><span style=\"color: #000000;\"><span style=\"font-family: Times New Roman, serif;\"><span style=\"font-size: medium;\"><span style=\"font-family: Calibri, serif;\">Du certificat d\u2019aide-soignant ou aide familial.<\/span><\/span><\/span><\/span><\/li>\n<li><span style=\"color: #000000;\"><span style=\"font-family: Times New Roman, serif;\"><span style=\"font-size: medium;\"><span style=\"font-family: Calibri, serif;\">Des attestations de r\u00e9ussite des modules \u00ab\u00a0Aide \u00e0 la vie journali\u00e8re des m\u00e9tiers de l\u2019aide et des soins aux personnes\u00a0\u00bb et \u00ab\u00a0Communication\u00a0: expression orale et \u00e9crite\u00a0\u00bb<\/span><\/span><\/span><\/span><\/li>\n<\/ul>\n<div id=\"ConnectiveDocSignExtentionInstalled\" data-extension-version=\"1.0.4\"><\/div>\n","protected":false},"excerpt":{"rendered":"<p>FORMATION CQ6 Compl\u00e9ment de formation g\u00e9n\u00e9rale en vue de l\u2019obtention du certificat correspondant au certificat d\u2019\u00e9tudes de 6\u00e8me ann\u00e9e de l\u2019enseignement secondaire professionnel (secteur du service aux personnes) PROGRAMME DE LA FORMATION Communication\u00a0: renforcement en expression orale et \u00e9crite appliqu\u00e9e au secteur du service aux personnes\u00a0: 40 p\u00e9riodes Math\u00e9matiques\u00a0: 48 p\u00e9riodes Sciences\u00a0: 72 p\u00e9riodes (24 [&hellip;]<\/p>\n","protected":false},"author":1,"featured_media":0,"parent":0,"menu_order":0,"comment_status":"closed","ping_status":"closed","template":"","meta":{"footnotes":""},"_links":{"self":[{"href":"https:\/\/www.epsvfmons.be\/index.php?rest_route=\/wp\/v2\/pages\/108"}],"collection":[{"href":"https:\/\/www.epsvfmons.be\/index.php?rest_route=\/wp\/v2\/pages"}],"about":[{"href":"https:\/\/www.epsvfmons.be\/index.php?rest_route=\/wp\/v2\/types\/page"}],"author":[{"embeddable":true,"href":"https:\/\/www.epsvfmons.be\/index.php?rest_route=\/wp\/v2\/users\/1"}],"replies":[{"embeddable":true,"href":"https:\/\/www.epsvfmons.be\/index.php?rest_route=%2Fwp%2Fv2%2Fcomments&post=108"}],"version-history":[{"count":8,"href":"https:\/\/www.epsvfmons.be\/index.php?rest_route=\/wp\/v2\/pages\/108\/revisions"}],"predecessor-version":[{"id":1060,"href":"https:\/\/www.epsvfmons.be\/index.php?rest_route=\/wp\/v2\/pages\/108\/revisions\/1060"}],"wp:attachment":[{"href":"https:\/\/www.epsvfmons.be\/index.php?rest_route=%2Fwp%2Fv2%2Fmedia&parent=108"}],"curies":[{"name":"wp","href":"https:\/\/api.w.org\/{rel}","templated":true}]}}

<p style="text-align: left;" align="CENTER"><span style="color: #000000;"><span style="font-family: Times New Roman, serif;"><span style="font-size: medium;"><span style="font-family: Calibri, serif;"><span style="font-size: x-large;"><b>FORMATION CQ6</b></span></span></span></span></span></p>
<p style="text-align: left;" align="CENTER"><span style="color: #000000;"><span style="font-family: Times New Roman, serif;"><span style="font-size: medium;"><span style="font-family: Calibri, serif;"><span style="font-size: large;"><i><b>Complément de formation générale en vue de l’obtention du certificat correspondant au certificat d’études de 6</b></i></span></span><sup><span style="font-family: Calibri, serif;"><span style="font-size: large;"><i><b>ème</b></i></span></span></sup><span style="font-family: Calibri, serif;"><span style="font-size: large;"><i><b> année de l’enseignement secondaire professionnel (secteur du service aux personnes)</b></i></span></span></span></span></span></p>
<p align="JUSTIFY"><span style="color: #000000;"><span style="font-family: Times New Roman, serif;"><span style="font-size: medium;"><span style="font-family: Calibri, serif;"><i><u>PROGRAMME DE LA FORMATION</u></i></span></span></span></span></p>
<ol>
<li><span style="color: #000000;"><span style="font-family: Times New Roman, serif;"><span style="font-size: medium;"><span style="font-family: Calibri, serif;">Communication : renforcement en expression orale et écrite appliquée au secteur du service aux personnes : 40 périodes</span></span></span></span></li>
<li><span style="color: #000000;"><span style="font-family: Times New Roman, serif;"><span style="font-size: medium;"><span style="font-family: Calibri, serif;">Mathématiques : 48 périodes</span></span></span></span></li>
<li><span style="color: #000000;"><span style="font-family: Times New Roman, serif;"><span style="font-size: medium;"><span style="font-family: Calibri, serif;">Sciences : 72 périodes (24 périodes de biologie &#8211; 24 périodes de physique &#8211; 24 périodes de chimie)</span></span></span></span></li>
</ol>
<p align="JUSTIFY"><span style="color: #000000;"><span style="font-family: Times New Roman, serif;"><span style="font-size: medium;"><span style="font-family: Calibri, serif;"><i><u>DATES D’OUVERTURE ET DURÉE DE LA FORMATION</u></i></span></span></span></span></p>
<p align="JUSTIFY"><span style="color: #000000;"><span style="font-family: Times New Roman, serif;"><span style="font-size: medium;"><span style="font-family: Calibri, serif;">2 formations par an : octobre et mars. Inscription au préalable.</span></span></span></span></p>
<p align="JUSTIFY"><span style="color: #000000;"><span style="font-family: Times New Roman, serif;"><span style="font-size: medium;"><span style="font-family: Calibri, serif;">3 mois de cours à raison de +/-2,5 jours par semaine.</span></span></span></span></p>
<p align="JUSTIFY"><span style="color: #000000;"><span style="font-family: Times New Roman, serif;"><span style="font-size: medium;"><span style="font-family: Calibri, serif;"><i><u>FRAIS</u></i></span></span></span></span></p>
<p align="JUSTIFY"><span style="color: #000000;"><span style="font-family: Times New Roman, serif;"><span style="font-size: medium;"><span style="font-family: Calibri, serif;">Frais administratifs et copies à charge de l’étudiant.</span></span></span></span></p>
<p align="JUSTIFY"><span style="color: #000000;"><span style="font-family: Times New Roman, serif;"><span style="font-size: medium;"><span style="font-family: Calibri, serif;"><i><u>CONDITIONS D’ADMISSION</u></i></span></span></span></span></p>
<p align="JUSTIFY"><span style="color: #000000;"><span style="font-family: Times New Roman, serif;"><span style="font-size: medium;"><span style="font-family: Calibri, serif;">Être en possession :</span></span></span></span></p>
<ul>
<li><span style="color: #000000;"><span style="font-family: Times New Roman, serif;"><span style="font-size: medium;"><span style="font-family: Calibri, serif;">Du certificat d’aide-soignant ou aide familial.</span></span></span></span></li>
<li><span style="color: #000000;"><span style="font-family: Times New Roman, serif;"><span style="font-size: medium;"><span style="font-family: Calibri, serif;">Des attestations de réussite des modules « Aide à la vie journalière des métiers de l’aide et des soins aux personnes » et « Communication : expression orale et écrite »</span></span></span></span></li>
</ul>
<div id="ConnectiveDocSignExtentionInstalled" data-extension-version="1.0.4"></div>

<p>FORMATION CQ6 Complément de formation générale en vue de l’obtention du certificat correspondant au certificat d’études de 6ème année de l’enseignement secondaire professionnel (secteur du service aux personnes) PROGRAMME DE LA FORMATION Communication : renforcement en expression orale et écrite appliquée au secteur du service aux personnes : 40 périodes Mathématiques : 48 périodes Sciences : 72 périodes (24 [&hellip;]</p>
