{"id":256,"date":"2018-06-13T09:37:58","date_gmt":"2018-06-13T07:37:58","guid":{"rendered":"http:\/\/www.epsvfmons.be\/?page_id=256"},"modified":"2025-12-19T15:13:03","modified_gmt":"2025-12-19T14:13:03","slug":"roi","status":"publish","type":"page","link":"https:\/\/www.epsvfmons.be\/?page_id=256","title":{"rendered":"ROI &#8211; RGPD"},"content":{"rendered":"<p style=\"text-align: center;\"><a href=\"http:\/\/www.epsvfmons.be\/wp-content\/uploads\/2019\/04\/RGPD_R\u00e8glement-g\u00e9n\u00e9ral-sur-la-protection-des-donn\u00e9es.pdf\">RGPD_R\u00e8glement g\u00e9n\u00e9ral sur la protection des donn\u00e9es<\/a><\/p>\n<div id=\"ConnectiveDocSignExtentionInstalled\" data-extension-version=\"1.0.4\">\n<p>Le ROI est le code de conduite en vigueur dans l\u2019\u00e9tablissement pour les \u00e9tudiants. Il d\u00e9finit les rapports entre PO, direction, membres du personnel, d\u2019une part et \u00e9tudiants, d\u2019autre part. Il doit aussi, en r\u00e9f\u00e9rence \u00e0 la l\u00e9gislation et, en particulier, aux r\u00e8glements g\u00e9n\u00e9raux des \u00e9tudes donner aux \u00e9tudiants toutes les pr\u00e9cisions n\u00e9cessaires relatives \u00e0 la mani\u00e8re dont va se d\u00e9rouler le cursus dans lequel ils s\u2019inscrivent.<\/p>\n<p>Il applique les principes du droit g\u00e9n\u00e9ral (ex droit de la d\u00e9fense) et les principes de droit particulier (la l\u00e9gislation de l\u2019EPS) dans le contexte particulier dans notre \u00e9tablissement.<\/p>\n<\/div>\n\n\n<div data-wp-interactive=\"core\/file\" class=\"wp-block-file\"><object data-wp-bind--hidden=\"!state.hasPdfPreview\"  class=\"wp-block-file__embed\" data=\"https:\/\/www.epsvfmons.be\/wp-content\/uploads\/2025\/12\/25-08-ROI.pdf\" type=\"application\/pdf\" style=\"width:100%;height:600px\" aria-label=\"Contenu embarqu\u00e9 25-08-ROI.\"><\/object><a id=\"wp-block-file--media-3ce3d62a-246e-43c1-b071-b9b43cbb5794\" href=\"https:\/\/www.epsvfmons.be\/wp-content\/uploads\/2025\/12\/25-08-ROI.pdf\">25-08-ROI<\/a><a href=\"https:\/\/www.epsvfmons.be\/wp-content\/uploads\/2025\/12\/25-08-ROI.pdf\" class=\"wp-block-file__button wp-element-button\" download aria-describedby=\"wp-block-file--media-3ce3d62a-246e-43c1-b071-b9b43cbb5794\">T\u00e9l\u00e9charger<\/a><\/div>\n\n\n\n<p>Le ROI est le code de conduite en vigueur dans l\u2019\u00e9tablissement pour les \u00e9tudiants. Il d\u00e9finit les rapports entre PO, direction, membres du personnel, d\u2019une part et \u00e9tudiants, d\u2019autre part. Il doit aussi, en r\u00e9f\u00e9rence \u00e0 la l\u00e9gislation et, en particulier, aux r\u00e8glements g\u00e9n\u00e9raux des \u00e9tudes donner aux \u00e9tudiants toutes les pr\u00e9cisions n\u00e9cessaires relatives \u00e0 la mani\u00e8re dont va se d\u00e9rouler le cursus dans lequel ils s\u2019inscrivent.<\/p>\n\n\n\n<p>Il applique les principes du droit g\u00e9n\u00e9ral (ex droit de la d\u00e9fense) et les principes de droit particulier (la l\u00e9gislation de l\u2019EPS) dans le contexte particulier dans notre \u00e9tablissement.<\/p>\n\n\n\n<p><\/p>\n","protected":false},"excerpt":{"rendered":"<p>RGPD_R\u00e8glement g\u00e9n\u00e9ral sur la protection des donn\u00e9es Le ROI est le code de conduite en vigueur dans l\u2019\u00e9tablissement pour les \u00e9tudiants. Il d\u00e9finit les rapports entre PO, direction, membres du personnel, d\u2019une part et \u00e9tudiants, d\u2019autre part. Il doit aussi, en r\u00e9f\u00e9rence \u00e0 la l\u00e9gislation et, en particulier, aux r\u00e8glements g\u00e9n\u00e9raux des \u00e9tudes donner aux [&hellip;]<\/p>\n","protected":false},"author":1,"featured_media":0,"parent":0,"menu_order":0,"comment_status":"closed","ping_status":"closed","template":"","meta":{"footnotes":""},"_links":{"self":[{"href":"https:\/\/www.epsvfmons.be\/index.php?rest_route=\/wp\/v2\/pages\/256"}],"collection":[{"href":"https:\/\/www.epsvfmons.be\/index.php?rest_route=\/wp\/v2\/pages"}],"about":[{"href":"https:\/\/www.epsvfmons.be\/index.php?rest_route=\/wp\/v2\/types\/page"}],"author":[{"embeddable":true,"href":"https:\/\/www.epsvfmons.be\/index.php?rest_route=\/wp\/v2\/users\/1"}],"replies":[{"embeddable":true,"href":"https:\/\/www.epsvfmons.be\/index.php?rest_route=%2Fwp%2Fv2%2Fcomments&post=256"}],"version-history":[{"count":14,"href":"https:\/\/www.epsvfmons.be\/index.php?rest_route=\/wp\/v2\/pages\/256\/revisions"}],"predecessor-version":[{"id":1017,"href":"https:\/\/www.epsvfmons.be\/index.php?rest_route=\/wp\/v2\/pages\/256\/revisions\/1017"}],"wp:attachment":[{"href":"https:\/\/www.epsvfmons.be\/index.php?rest_route=%2Fwp%2Fv2%2Fmedia&parent=256"}],"curies":[{"name":"wp","href":"https:\/\/api.w.org\/{rel}","templated":true}]}}