{"id":87,"date":"2018-05-30T09:31:31","date_gmt":"2018-05-30T07:31:31","guid":{"rendered":"http:\/\/www.epsvfmons.be\/?page_id=87"},"modified":"2026-01-27T16:13:27","modified_gmt":"2026-01-27T15:13:27","slug":"liens","status":"publish","type":"page","link":"https:\/\/www.epsvfmons.be\/?page_id=87","title":{"rendered":"Liens"},"content":{"rendered":"\n<p>Notre \u00e9tablissement fait partie d\u2019un ensemble d\u2019\u00e9tablissement du SEGEC&nbsp;<\/p>\n\n\n\n<figure class=\"wp-block-image size-full\"><img loading=\"lazy\" decoding=\"async\" width=\"356\" height=\"82\" src=\"https:\/\/www.epsvfmons.be\/wp-content\/uploads\/2026\/01\/image.jpeg\" alt=\"\" class=\"wp-image-1085\" srcset=\"https:\/\/www.epsvfmons.be\/wp-content\/uploads\/2026\/01\/image.jpeg 356w, https:\/\/www.epsvfmons.be\/wp-content\/uploads\/2026\/01\/image-300x69.jpeg 300w\" sizes=\"(max-width: 356px) 100vw, 356px\" \/><\/figure>\n\n\n\n<ul>\n<li>Notre offre de formation\u00a0: <a href=\"https:\/\/view.genially.com\/65d753e03eb423001481d2ad\">Ceci n&rsquo;est pas qu&rsquo;une plume<\/a><\/li>\n\n\n\n<li>Cartographie des \u00e9tablissement\u00a0: <a href=\"https:\/\/www.google.com\/maps\/d\/u\/0\/viewer?mid=1WdnDuqqZ5T1Ti_h5Z0u51J6mgE9cJdg&amp;ll=50.22794364659943%2C4.460461400000009&amp;z=8\">Etablissements &#8211; Enseignement de promotion sociale catholique\u00a0\u2013 Google My\u00a0Maps<\/a><\/li>\n<\/ul>\n\n\n\n<p>Notre pouvoir organisateur d\u00e9pend du mouvement Vie F\u00e9minine<\/p>\n\n\n\n<figure class=\"wp-block-image size-full\"><img loading=\"lazy\" decoding=\"async\" width=\"371\" height=\"98\" src=\"https:\/\/www.epsvfmons.be\/wp-content\/uploads\/2025\/12\/image-1.png\" alt=\"\" class=\"wp-image-1020\" srcset=\"https:\/\/www.epsvfmons.be\/wp-content\/uploads\/2025\/12\/image-1.png 371w, https:\/\/www.epsvfmons.be\/wp-content\/uploads\/2025\/12\/image-1-300x79.png 300w\" sizes=\"(max-width: 371px) 100vw, 371px\" \/><\/figure>\n\n\n\n<h6 class=\"wp-block-heading\"><a href=\"http:\/\/www.viefeminine.be\/\" target=\"_blank\" rel=\"noreferrer noopener\">http:\/\/www.viefeminine.be\/<\/a><\/h6>\n\n\n\n<p>En tant qu\u2019\u00e9tablissement scolaire, nous d\u00e9pendons de la F\u00e9d\u00e9ration Wallonie-Bruxelles<\/p>\n\n\n\n<figure class=\"wp-block-image size-full\"><img loading=\"lazy\" decoding=\"async\" width=\"605\" height=\"91\" src=\"https:\/\/www.epsvfmons.be\/wp-content\/uploads\/2026\/01\/image-13.png\" alt=\"\" class=\"wp-image-1090\" srcset=\"https:\/\/www.epsvfmons.be\/wp-content\/uploads\/2026\/01\/image-13.png 605w, https:\/\/www.epsvfmons.be\/wp-content\/uploads\/2026\/01\/image-13-300x45.png 300w\" sizes=\"(max-width: 605px) 100vw, 605px\" \/><\/figure>\n\n\n\n<p><a href=\"http:\/\/enseignement.be\/index.php\">http:\/\/enseignement.be\/index.php<\/a><\/p>\n\n\n\n<figure class=\"wp-block-image size-full\"><img loading=\"lazy\" decoding=\"async\" width=\"369\" height=\"92\" src=\"https:\/\/www.epsvfmons.be\/wp-content\/uploads\/2026\/01\/image-14.png\" alt=\"\" class=\"wp-image-1091\" srcset=\"https:\/\/www.epsvfmons.be\/wp-content\/uploads\/2026\/01\/image-14.png 369w, https:\/\/www.epsvfmons.be\/wp-content\/uploads\/2026\/01\/image-14-300x75.png 300w\" sizes=\"(max-width: 369px) 100vw, 369px\" \/><\/figure>\n\n\n\n<p><a href=\"https:\/\/enseignementpouradultes.be\/\">Enseignement pour Adultes<\/a><\/p>\n\n\n\n<p><\/p>\n","protected":false},"excerpt":{"rendered":"<p>Notre \u00e9tablissement fait partie d\u2019un ensemble d\u2019\u00e9tablissement du SEGEC&nbsp; Notre pouvoir organisateur d\u00e9pend du mouvement Vie F\u00e9minine http:\/\/www.viefeminine.be\/ En tant qu\u2019\u00e9tablissement scolaire, nous d\u00e9pendons de la F\u00e9d\u00e9ration Wallonie-Bruxelles http:\/\/enseignement.be\/index.php Enseignement pour Adultes<\/p>\n","protected":false},"author":1,"featured_media":0,"parent":0,"menu_order":0,"comment_status":"closed","ping_status":"closed","template":"","meta":{"footnotes":""},"_links":{"self":[{"href":"https:\/\/www.epsvfmons.be\/index.php?rest_route=\/wp\/v2\/pages\/87"}],"collection":[{"href":"https:\/\/www.epsvfmons.be\/index.php?rest_route=\/wp\/v2\/pages"}],"about":[{"href":"https:\/\/www.epsvfmons.be\/index.php?rest_route=\/wp\/v2\/types\/page"}],"author":[{"embeddable":true,"href":"https:\/\/www.epsvfmons.be\/index.php?rest_route=\/wp\/v2\/users\/1"}],"replies":[{"embeddable":true,"href":"https:\/\/www.epsvfmons.be\/index.php?rest_route=%2Fwp%2Fv2%2Fcomments&post=87"}],"version-history":[{"count":5,"href":"https:\/\/www.epsvfmons.be\/index.php?rest_route=\/wp\/v2\/pages\/87\/revisions"}],"predecessor-version":[{"id":1092,"href":"https:\/\/www.epsvfmons.be\/index.php?rest_route=\/wp\/v2\/pages\/87\/revisions\/1092"}],"wp:attachment":[{"href":"https:\/\/www.epsvfmons.be\/index.php?rest_route=%2Fwp%2Fv2%2Fmedia&parent=87"}],"curies":[{"name":"wp","href":"https:\/\/api.w.org\/{rel}","templated":true}]}}

<p>Notre établissement fait partie d’un ensemble d’établissement du SEGEC&nbsp;</p>



<figure class="wp-block-image size-full"><img loading="lazy" decoding="async" width="356" height="82" src="https://www.epsvfmons.be/wp-content/uploads/2026/01/image.jpeg" alt="" class="wp-image-1085" srcset="https://www.epsvfmons.be/wp-content/uploads/2026/01/image.jpeg 356w, https://www.epsvfmons.be/wp-content/uploads/2026/01/image-300x69.jpeg 300w" sizes="(max-width: 356px) 100vw, 356px" /></figure>



<ul>
<li>Notre offre de formation : <a href="https://view.genially.com/65d753e03eb423001481d2ad">Ceci n&rsquo;est pas qu&rsquo;une plume</a></li>



<li>Cartographie des établissement : <a href="https://www.google.com/maps/d/u/0/viewer?mid=1WdnDuqqZ5T1Ti_h5Z0u51J6mgE9cJdg&amp;ll=50.22794364659943%2C4.460461400000009&amp;z=8">Etablissements &#8211; Enseignement de promotion sociale catholique – Google My Maps</a></li>
</ul>



<p>Notre pouvoir organisateur dépend du mouvement Vie Féminine</p>



<figure class="wp-block-image size-full"><img loading="lazy" decoding="async" width="371" height="98" src="https://www.epsvfmons.be/wp-content/uploads/2025/12/image-1.png" alt="" class="wp-image-1020" srcset="https://www.epsvfmons.be/wp-content/uploads/2025/12/image-1.png 371w, https://www.epsvfmons.be/wp-content/uploads/2025/12/image-1-300x79.png 300w" sizes="(max-width: 371px) 100vw, 371px" /></figure>



<h6 class="wp-block-heading"><a href="http://www.viefeminine.be/" target="_blank" rel="noreferrer noopener">http://www.viefeminine.be/</a></h6>



<p>En tant qu’établissement scolaire, nous dépendons de la Fédération Wallonie-Bruxelles</p>



<figure class="wp-block-image size-full"><img loading="lazy" decoding="async" width="605" height="91" src="https://www.epsvfmons.be/wp-content/uploads/2026/01/image-13.png" alt="" class="wp-image-1090" srcset="https://www.epsvfmons.be/wp-content/uploads/2026/01/image-13.png 605w, https://www.epsvfmons.be/wp-content/uploads/2026/01/image-13-300x45.png 300w" sizes="(max-width: 605px) 100vw, 605px" /></figure>



<p><a href="http://enseignement.be/index.php">http://enseignement.be/index.php</a></p>



<figure class="wp-block-image size-full"><img loading="lazy" decoding="async" width="369" height="92" src="https://www.epsvfmons.be/wp-content/uploads/2026/01/image-14.png" alt="" class="wp-image-1091" srcset="https://www.epsvfmons.be/wp-content/uploads/2026/01/image-14.png 369w, https://www.epsvfmons.be/wp-content/uploads/2026/01/image-14-300x75.png 300w" sizes="(max-width: 369px) 100vw, 369px" /></figure>



<p><a href="https://enseignementpouradultes.be/">Enseignement pour Adultes</a></p>



<p></p>

<p>Notre établissement fait partie d’un ensemble d’établissement du SEGEC&nbsp; Notre pouvoir organisateur dépend du mouvement Vie Féminine http://www.viefeminine.be/ En tant qu’établissement scolaire, nous dépendons de la Fédération Wallonie-Bruxelles http://enseignement.be/index.php Enseignement pour Adultes</p>
