{"id":908,"date":"2024-11-05T15:41:49","date_gmt":"2024-11-05T14:41:49","guid":{"rendered":"https:\/\/www.epsvfmons.be\/?page_id=908"},"modified":"2026-01-27T16:21:44","modified_gmt":"2026-01-27T15:21:44","slug":"tutorat-des-nouveaux-engages-a-destination-des-aides-familiales-et-gardes-a-domicile","status":"publish","type":"page","link":"https:\/\/www.epsvfmons.be\/?page_id=908","title":{"rendered":"Tutorat des nouveaux engag\u00e9s \u00e0 destination des aides familiales et gardes \u00e0 domicile"},"content":{"rendered":"\n<figure class=\"wp-block-image size-large is-resized\"><img loading=\"lazy\" decoding=\"async\" width=\"1024\" height=\"1024\" src=\"http:\/\/www.epsvfmons.be\/wp-content\/uploads\/2024\/11\/formation-Aide-soignant-Aide-familiale-1024x1024.png\" alt=\"\" class=\"wp-image-909\" style=\"width:375px;height:auto\" srcset=\"https:\/\/www.epsvfmons.be\/wp-content\/uploads\/2024\/11\/formation-Aide-soignant-Aide-familiale-1024x1024.png 1024w, https:\/\/www.epsvfmons.be\/wp-content\/uploads\/2024\/11\/formation-Aide-soignant-Aide-familiale-300x300.png 300w, https:\/\/www.epsvfmons.be\/wp-content\/uploads\/2024\/11\/formation-Aide-soignant-Aide-familiale-150x150.png 150w, https:\/\/www.epsvfmons.be\/wp-content\/uploads\/2024\/11\/formation-Aide-soignant-Aide-familiale-768x768.png 768w, https:\/\/www.epsvfmons.be\/wp-content\/uploads\/2024\/11\/formation-Aide-soignant-Aide-familiale.png 1080w\" sizes=\"(max-width: 1024px) 100vw, 1024px\" \/><\/figure>\n\n\n\n<h1 class=\"wp-block-heading\">Le public concern\u00e9<\/h1>\n\n\n\n<p>Formation \u00e0 destination des aides familiales et gardes \u00e0 domicile<\/p>\n\n\n\n<h1 class=\"wp-block-heading\">Objectifs<\/h1>\n\n\n\n<p>L\u2019objectif de cette formation est de former les aides familiales exp\u00e9riment\u00e9es \u00e0 devenir \u00abtutrices\u00bb c\u2019est-\u00e0-dire d\u2019acqu\u00e9rir les comp\u00e9tences n\u00e9cessaires afin d\u2019encadrer les nouveaux travailleurs en les accompagnant, en les conseillant et en partageant leurs pr\u00e9cieuses exp\u00e9riences.<\/p>\n\n\n\n<p><strong>Il s\u2019agit avant tout du tutorat des nouveaux engag\u00e9s! Cela dit, le tutorat des stagiaires pourra \u00e9galement \u00eatre bri\u00e8vement abord\u00e9.<\/strong><\/p>\n\n\n\n<h1 class=\"wp-block-heading\">Le dossier p\u00e9dagogique<\/h1>\n\n\n\n<p>Le dossier p\u00e9dagogique de l\u2019enseignement de promotion sociale pr\u00e9voit donc une formation de 40p\u00e9riodes.<\/p>\n\n\n\n<p>Le DP&nbsp;: <a href=\"https:\/\/www.prosoc.be\/v1\/pdf\/ue\/814210U21Z1.pdf\">https:\/\/www.prosoc.be\/v1\/pdf\/ue\/814210U21Z1.pdf<\/a><\/p>\n\n\n\n<h2 class=\"wp-block-heading\">Objectifs<\/h2>\n\n\n\n<p>1. D\u00e9finir la fonction de tutorat en termes de r\u00f4les et de responsabilit\u00e9s vis-\u00e0-vis des nouveaux engag\u00e9s, des responsables hi\u00e9rarchiques et du service;<\/p>\n\n\n\n<p>2. Identifier les responsabilit\u00e9s respectives des diff\u00e9rents acteurs du service, et de pr\u00e9senter les modalit\u00e9s de liaison entre ceux-ci;<\/p>\n\n\n\n<p>3. Assumer le r\u00f4le de tutorat dans le respect des consignes donn\u00e9es par les responsables hi\u00e9rarchiques;<\/p>\n\n\n\n<p>4. Assurer la fonction de relais entre les nouveaux engag\u00e9s et leurs coll\u00e8gues, leurs responsables hi\u00e9rarchiques et les b\u00e9n\u00e9ficiaires;<\/p>\n\n\n\n<p>5. D\u00e9velopper une relation p\u00e9dagogique d\u2019accueil des nouveaux engag\u00e9s au sein du service et aupr\u00e8s de ses coll\u00e8gues:<\/p>\n\n\n\n<p>&#8211; En identifiant et choisissant les moyens de communication ad\u00e9quats pour entrer en relation avec les b\u00e9n\u00e9ficiaires;<\/p>\n\n\n\n<p>&#8211; En d\u00e9crivant aux nouveaux engag\u00e9s les gestes et les t\u00e2ches relatifs \u00e0 l\u2019activit\u00e9 professionnelle (et les difficult\u00e9s potentielles y aff\u00e9rentes);<\/p>\n\n\n\n<p>&#8211; En appliquant les principes de d\u00e9ontologie, de devoir de discr\u00e9tion et de secret professionnel qui d\u00e9finissent le cadre de travail, et en favorisant le questionnement permanent du nouvel engag\u00e9 sur ces principes essentiels;<\/p>\n\n\n\n<p>&#8211; De favoriser en situation concr\u00e8te l\u2019\u00e9mergence des comp\u00e9tences des nouveaux engag\u00e9s:<\/p>\n\n\n\n<ul>\n<li>Identification des savoirs, savoir-faire et savoir-\u00eatre;<\/li>\n\n\n\n<li>D\u00e9veloppement de l\u2019autonomie;<\/li>\n\n\n\n<li>Inventaire des difficult\u00e9s r\u00e9elles ou ressenties et pistes de solutions;<\/li>\n\n\n\n<li>Organisation du temps de travail en respectant les objectifs d\u00e9finis par le responsable hi\u00e9rarchique;<\/li>\n\n\n\n<li>Elaboration et prise en compte de crit\u00e8res d\u2019auto-\u00e9valuation (objectifs, planification, limites, \u2026).<\/li>\n<\/ul>\n\n\n\n<p>6. &nbsp;Accompagner le nouvel engag\u00e9 dans un processus d\u2019insertion professionnelle par la mise en place d\u2019une relation de confiance:<\/p>\n\n\n\n<ul>\n<li>Attitude d\u2019\u00e9coute, de disponibilit\u00e9 et d\u2019encouragement;<\/li>\n\n\n\n<li>Mise en \u00e9vidence des pratiques positives;<\/li>\n\n\n\n<li>Relation d\u2019apprentissage de type partenaire;<\/li>\n\n\n\n<li>Critique constructive et valorisante;<\/li>\n<\/ul>\n\n\n\n<p>7. Transmettre \u00e0 l\u2019assistant(e) social(e) une observation de son action de tutorat.<\/p>\n\n\n\n<p>La particularit\u00e9 de cette formation est qu\u2019elle est soumise \u00e0 une \u00e9valuation lors de la derni\u00e8re s\u00e9ance qui permet d\u2019obtenir, si les r\u00e9sultats sont positifs, une&nbsp;<strong>reconnaissance de la F\u00e9d\u00e9ration Wallonie-Bruxelles<\/strong>.<\/p>\n\n\n\n<h2 class=\"wp-block-heading\">Evaluation<\/h2>\n\n\n\n<p>Un approche r\u00e9flexive est demand\u00e9 \u00e0 travers l\u2019&nbsp;\u00e9laboration d\u2019un dossier personnel qui se construit progressivement au fur et \u00e0 mesure des cours.<\/p>\n\n\n\n<p>Deux temps sont pr\u00e9vus pour r\u00e9diger ce dossier. Cependant, l\u2019\u00e9tudiant doit pr\u00e9voir un temps suppl\u00e9mentaire en dehors du cours pour finaliser son projet.<\/p>\n\n\n\n<div class=\"wp-block-buttons is-layout-flex wp-block-buttons-is-layout-flex\">\n<div class=\"wp-block-button\"><a class=\"wp-block-button__link wp-element-button\" href=\"https:\/\/www.epsvfmons.be\/?page_id=81\">Inscription<\/a><\/div>\n<\/div>\n","protected":false},"excerpt":{"rendered":"<p>Le public concern\u00e9 Formation \u00e0 destination des aides familiales et gardes \u00e0 domicile Objectifs L\u2019objectif de cette formation est de former les aides familiales exp\u00e9riment\u00e9es \u00e0 devenir \u00abtutrices\u00bb c\u2019est-\u00e0-dire d\u2019acqu\u00e9rir les comp\u00e9tences n\u00e9cessaires afin d\u2019encadrer les nouveaux travailleurs en les accompagnant, en les conseillant et en partageant leurs pr\u00e9cieuses exp\u00e9riences. Il s\u2019agit avant tout du [&hellip;]<\/p>\n","protected":false},"author":3,"featured_media":0,"parent":0,"menu_order":0,"comment_status":"closed","ping_status":"closed","template":"","meta":{"footnotes":""},"_links":{"self":[{"href":"https:\/\/www.epsvfmons.be\/index.php?rest_route=\/wp\/v2\/pages\/908"}],"collection":[{"href":"https:\/\/www.epsvfmons.be\/index.php?rest_route=\/wp\/v2\/pages"}],"about":[{"href":"https:\/\/www.epsvfmons.be\/index.php?rest_route=\/wp\/v2\/types\/page"}],"author":[{"embeddable":true,"href":"https:\/\/www.epsvfmons.be\/index.php?rest_route=\/wp\/v2\/users\/3"}],"replies":[{"embeddable":true,"href":"https:\/\/www.epsvfmons.be\/index.php?rest_route=%2Fwp%2Fv2%2Fcomments&post=908"}],"version-history":[{"count":2,"href":"https:\/\/www.epsvfmons.be\/index.php?rest_route=\/wp\/v2\/pages\/908\/revisions"}],"predecessor-version":[{"id":1101,"href":"https:\/\/www.epsvfmons.be\/index.php?rest_route=\/wp\/v2\/pages\/908\/revisions\/1101"}],"wp:attachment":[{"href":"https:\/\/www.epsvfmons.be\/index.php?rest_route=%2Fwp%2Fv2%2Fmedia&parent=908"}],"curies":[{"name":"wp","href":"https:\/\/api.w.org\/{rel}","templated":true}]}}